3.
81
Calculate the remainder when 798 is divided by 39.
18
Calculate the remainder when 96 is divided by 51.
45
What is the remainder when 133 is divided by 6?
1
Calculate the remainder when 439 is divided by 204.
31
Calculate the remainder when 178 is divided by 45.
43
What is the remainder when 152 is divided by 31?
28
What is the remainder when 383 is divided by 34?
9
Calculate the remainder when 212 is divided by 71.
70
What is the remainder when 47 is divided by 10?
7
Calculate the remainder when 664 is divided by 186.
106
What is the remainder when 149 is divided by 23?
11
Calculate the remainder when 2406 is divided by 2403.
3
What is the remainder when 432 is divided by 82?
22
Calculate the remainder when 242 is divided by 78.
8
What is the remainder when 540 is divided by 188?
164
What is the remainder when 167 is divided by 84?
83
What is the remainder when 874 is divided by 44?
38
What is the remainder when 288 is divided by 138?
12
What is the remainder when 37007 is divided by 9?
8
Calculate the remainder when 354 is divided by 92.
78
Calculate the remainder when 491 is divided by 50.
41
What is the remainder when 35 is divided by 4?
3
What is the remainder when 840 is divided by 277?
9
Calculate the remainder when 173 is divided by 25.
23
Calculate the remainder when 388 is divided by 39.
37
What is the remainder when 724 is divided by 120?
4
Calculate the remainder when 110 is divided by 79.
31
What is the remainder when 57 is divided by 21?
15
What is the remainder when 673 is divided by 15?
13
What is the remainder when 1042 is divided by 133?
111
What is the remainder when 86 is divided by 46?
40
What is the remainder when 657 is divided by 230?
197
What is the remainder when 3257 is divided by 1626?
5
Calculate the remainder when 431 is divided by 53.
7
Calculate the remainder when 701 is divided by 22.
19
What is the remainder when 137 is divided by 18?
11
What is the remainder when 51 is divided by 9?
6
Calculate the remainder when 902 is divided by 451.
0
What is the remainder when 43 is divided by 13?
4
What is the remainder when 185 is divided by 31?
30
Calculate the remainder when 212 is divided by 65.
17
What is the remainder when 20 is divided by 9?
2
Calculate the remainder when 1736 is divided by 22.
20
What is the remainder when 678 is divided by 31?
27
Calculate the remainder when 206 is divided by 27.
17
Calculate the remainder when 5927 is divided by 24.
23
Calculate the remainder when 11 is divided by 10.
1
What is the remainder when 308 is divided by 269?
39
What is the remainder when 411 is divided by 8?
3
Calculate the remainder when 103 is divided by 33.
4
Calculate the remainder when 31 is divided by 23.
8
What is the remainder when 629 is divided by 126?
125
What is the remainder when 1725 is divided by 18?
15
Calculate the remainder when 172 is divided by 2.
0
What is the remainder when 141 is divided by 13?
11
What is the remainder when 639 is divided by 5?
4
What is the remainder when 9765 is divided by 24?
21
Calculate the remainder when 65 is divided by 43.
22
What is the remainder when 105 is divided by 26?
1
What is the remainder when 307 is divided by 164?
143
Calculate the remainder when 183 is divided by 10.
3
What is the remainder when 627 is divided by 163?
138
Calculate the remainder when 700 is divided by 45.
25
What is the remainder when 2674 is divided by 13?
9
Calculate the remainder when 2907 is divided by 56.
51
Calculate the remainder when 478 is divided by 69.
64
What is the remainder when 390 is divided by 104?
78
Calculate the remainder when 95 is divided by 19.
0
Calculate the remainder when 183 is divided by 94.
89
Calculate the remainder when 4927 is divided by 5.
2
Calculate the remainder when 956 is divided by 477.
2
Calculate the remainder when 30 is divided by 9.
3
What is the remainder when 2277 is divided by 17?
16
Calculate the remainder when 301 is divided by 136.
29
Calculate the remainder when 307 is divided by 62.
59
Calculate the remainder when 116 is divided by 17.
14
What is the remainder when 202 is divided by 30?
22
Calculate the remainder when 249 is divided by 25.
24
What is the remainder when 68 is divided by 14?
12
What is the remainder when 572 is divided by 147?
131
Calculate the remainder when 71 is divided by 38.
33
What is the remainder when 96 is divided by 30?
6
Calculate the remainder when 352 is divided by 103.
43
What is the remainder when 839 is divided by 365?
109
What is the remainder when 92 is divided by 20?
12
What is the remainder when 717 is divided by 30?
27
What is the remainder when 624 is divided by 126?
120
What is the remainder when 186 is divided by 73?
40
What is the remainder when 242 is divided by 55?
22
What is the remainder when 23858 is divided by 99?
98
What is the remainder when 325 is divided by 68?
53
What is the remainder when 526 is divided by 136?
118
Calculate the remainder when 4976 is divided by 38.
36
What is the remainder when 441 is divided by 229?
212
What is the remainder when 12148 is divided by 150?
148
Calculate the remainder when 4444 is divided by 4.
0
Calculate the remainder when 446 is divided by 436.
10
What is the remainder when 259 is divided by 89?
81
Calculate the remainder when 990 is divided by 16.
14
What is the remainder when 21999 is divided by 125?
124
Calculate the remainder when 71 is divided by 4.
3
What is the remainder when 934 is divided by 193?
162
What is the remainder when 3505 is divided by 7?
5
Calculate the remainder when 74 is divided by 38.
36
What is the remainder when 8 is divided by 2?
0
What is the remainder when 90 is divided by 38?
14
Calculate the remainder when 648 is divided by 168.
144
Calculate the remainder when 122 is divided by 65.
57
Calculate the remainder when 534 is divided by 155.
69
What is the remainder when 1390 is divided by 3?
1
Calculate the remainder when 105 is divided by 28.
21
Calculate the remainder when 83 is divided by 14.
13
What is the remainder when 214 is divided by 13?
6
What is the remainder when 8964 is divided by 55?
54
What is the remainder when 11463 is divided by 39?
36
Calculate the remainder when 222 is divided by 24.
6
Calculate the remainder when 294 is divided by 75.
69
Calculate the remainder when 7347 is divided by 22.
21
What is the remainder when 656 is divided by 72?
8
What is the remainder when 206 is divided by 11?
8
Calculate the remainder when 164 is divided by 57.
50
Calculate the remainder when 90 is divided by 35.
20
Calculate the remainder when 5621 is divided by 148.
145
Calculate the remainder when 93 is divided by 16.
13
What is the remainder when 1656 is divided by 549?
9
Calculate the remainder when 4662 is divided by 11.
9
Calculate the remainder when 173 is divided by 53.
14
What is the remainder when 36 is divided by 10?
6
What is the remainder when 245 is divided by 73?
26
Calculate the remainder when 23350 is divided by 193.
190
What is the remainder when 1204 is divided by 151?
147
Calculate the remainder when 49 is divided by 28.
21
Calculate the remainder when 76 is divided by 43.
33
What is the remainder when 82 is divided by 14?
12
Calculate the remainder when 13810 is divided by 88.
82
What is the remainder when 1178 is divided by 194?
14
What is the remainder when 582 is divided by 120?
102
What is the remainder when 347 is divided by 13?
9
What is the remainder when 641 is divided by 52?
17
Calculate the remainder when 3527 is divided by 6.
5
Calculate the remainder when 1201 is divided by 37.
17
Calculate the remainder when 1915 is divided by 64.
59
Calculate the remainder when 988 is divided by 33.
31
What is the remainder when 565 is divided by 19?
14
Calculate the remainder when 44 is divided by 36.
8
Calculate the remainder when 3215 is divided by 63.
2
What is the remainder when 64 is divided by 16?
0
Calculate the remainder when 2187 is divided by 30.
27
What is the remainder when 694 is divided by 139?
138
What is the remainder when 385 is divided by 56?
49
Calculate the remainder when 429 is divided by 117.
78
What is the remainder when 231 is divided by 9?
6
What is the remainder when 554 is divided by 70?
64
Calculate the remainder when 111 is divided by 38.
35
Calculate the remainder whe